6 - 3*b**2 + 3*b. Let v(w) = -2*w + 13. Let l(n) = 6*v(n) + 13*y(n). What is l(1)?
1
Let s(h) = -h**2 - 6*h - 6. Let b be s(-4). Let p(l) = 0*l - 3*l - l**b + 3 + l. Let n be 5/(-10)*4 - 2. Determine p(n).
-5
Let q(r) be the third derivative of -7*r**6/120 + r**5/30 - r**4/24 - 5*r**2. Determine q(1).
-6
Suppose i - 12 = -3*i. Suppose -17 = 5*p - 5*h + 18, 0 = 4*p - i*h + 33. Let t = p - -8. Let c(f) = -f**3 - 4*f**2 + 3*f + 3. What is c(t)?
-9
Let k(v) = 2*v**2 - 3*v. Let o be k(2). Let a(m) = -10 - o*m + 10. Let u = -9 - -5. Determine a(u).
8
Let n(g) be the third derivative of g**4/12 - 5*g**3/3 + 5*g**2. Give n(7).
4
Let j = -19 + 18. Suppose -7*g - 13 = 2*y - 2*g, 4*g = 3*y - 38. Let h(d) = -1 - y*d + 1. Give h(j).
6
Let y(h) be the first derivative of h**2/2 - h + 37. Determine y(-8).
-9
Let g(m) = m**2 + 9*m + 3. Let k be (-2)/(-3 - (88/(-14) + 3)). Calculate g(k).
-11
Let y(f) = 7*f - 9. Let q(l) = -l. Let t(s) = 6*q(s) + y(s). Give t(0).
-9
Let m(b) = -b**3 + 4*b**2 + 2*b - 4. Let y be ((-48)/30)/((-4)/10). Suppose y*h - 9 - 7 = 0. Determine m(h).
4
Let n(x) = -5*x**2 + 17. Let z(h) = -h. Let a(o) = n(o) - z(o). Let p(r) = 3*r**2 - 9. Let u(c) = -4*a(c) - 7*p(c). Determine u(-5).
-10
Let n(j) = -j - 3. Let o(t) = t - 2. Let y be o(4). Suppose -2*u - 5*c + y = -c, -3*u - 19 = -5*c. What is n(u)?
0
Let t(y) be the second derivative of 0 + 1/3*y**4 - 2*y + 0*y**2 - 1/20*y**5 - 1/6*y**3. Determine t(3).
6
Let g(a) = -a + 3. Let j(v) = -2*v + 2. Let q(b) = -3*g(b) + 2*j(b). Let s(z) = -z - 4. Let h(x) = -2*q(x) + 3*s(x). What is h(4)?
-6
Let i be 3/(-18)*3*-6. Let d(m) = 0 - 2 + m - 2. Give d(i).
-1
Let x(z) be the third derivative of -z**5/60 + 7*z**4/24 + 13*z**3/6 + 4*z**2. What is x(9)?
-5
Let r = -20 + 24. Let p(c) be the first derivative of c + 3 + 2/3*c**3 - c**2 + c**r. Give p(1).
5
Let d(o) = -o**2 - 4*o - 1. Let y(r) = -2*r + 6. Let i be y(5). Let f be 10/i - 2/4. Calculate d(f).
2
Let r(v) be the third derivative of -v**4/12 - v**3/2 - 5*v**2. Let b be r(-5). Let c(p) = p**3 - 8*p**2 + 7*p + 10. Calculate c(b).
10
Let s(l) = -l + 1. Let u be 35/(-14)*(1 + -3). Determine s(u).
-4
Suppose -5*k = -5, n + 3*k - 15 = -2*n. Let o(w) = -w + 6*w + n*w - 4*w. Determine o(-1).
-5
Let g = -2 - -1. Let c(v) = -33*v - 9*v**2 + 3*v**2 + 32*v. Give c(g).
-5
Suppose -r - 2*r + 6 = 0. Let k(q) be the second derivative of -1/3*q**3 + 1/4*q**4 - q**2 + 0 - 3*q. What is k(r)?
6
Let z(a) be the first derivative of a**4/4 - 8*a**3/3 + 5*a**2/2 + 9*a - 4. Determine z(7).
-5
Let z(o) = -7*o + 2. Let h(l) = -13*l + 4. Let r(m) = 3*h(m) - 5*z(m). What is r(2)?
-6
Let s(f) = -25 + 2*f**2 + f + 8*f**3 + 25. Suppose 2 - 3 = h. Calculate s(h).
-7
Let j(t) = 5*t**3 - t**2 + 4*t + 3. Suppose 3*m - 16 = -m. Let w(x) = -6*x**3 - 5*x - 4. Let a(u) = m*w(u) + 5*j(u). Suppose 10 = 6*s - 4*s. Give a(s).
-1
Let y(k) = k**3 + 5*k**2 - 7. Let f be 1/3*-1*-6. Suppose 3*o + 2*n = -17, -f*o = -6*o - n - 21. Calculate y(o).
-7
Let p(l) = -6*l + 2 + 1 + 0*l. Let r(h) = h**3 + 9*h**2 + 6*h - 17. Let n be r(-8). Let s(v) = -v. Let c(d) = n*p(d) + 5*s(d). Determine c(-5).
-8
Suppose -4 = -s - 0*s. Let p = s - 4. Let k(g) = g**2 + 2*g - 3*g + g**3 + 2*g + 8. What is k(p)?
8
Let o(h) = -7 + 7*h + 2*h - 10*h. Give o(-6).
-1
Let n(i) = -i**2 - 2*i + 1. Let s be n(-3). Let y(x) be the first derivative of -x**4/4 - x**3/3 + x**2/2 - 1. What is y(s)?
2
Let x be 40 + -3 + 1*2. Let a be x/(-9) - 4/6. Let d(y) = 3*y**2 + 5*y + 3. Let t(g) = -4*g**2 - 5*g - 3. Let o(l) = 3*d(l) + 2*t(l). Give o(a).
3
Let o = 14 - 14. Let x(z) be the third derivative of 5/24*z**4 - 1/3*z**3 - z**2 - 1/60*z**5 + 0 + o*z. Give x(3).
4
Let a(h) = -h. Suppose 60 = 2*y + 3*y. Suppose -2*n = -q - 0*n, q + 4*n - y = 0. Give a(q).
-4
Let r = 10 - 12. Let g(h) = 2*h - 3*h - 3*h + 2. Give g(r).
10
Let x = 2 - 0. Let w(v) = -3*v + 3. Calculate w(x).
-3
Let m(o) = 4 - 5 - 13*o**2 - 17*o + 17*o. What is m(-1)?
-14
Let h(f) = f**2 + 5*f + 3. Suppose 0 = -0*o - 2*o + 6. Suppose -2 + o = q. Suppose 5*m = -16 + q. What is h(m)?
-3
Let u(h) be the third derivative of -h**4/24 - h**3 - 31*h**2. Calculate u(0).
-6
Let j be -2 - 0/2 - -2. Let q(w) = -w**2 + 1 + 4*w + 3*w - 10*w + 4*w. Calculate q(j).
1
Let p(b) = -3*b - 23. Let h be p(-6). Let u(c) = -2*c + 2. Give u(h).
12
Suppose 4*x + 19 = -1. Let i(t) = 7*t**2 + 0*t**3 + t**3 - 4*t + 0*t - 3*t**2. What is i(x)?
-5
Let y(i) = i**3 + i**2 + i + 1. Let z(a) be the second derivative of -a**3/6 + 3*a**2/2 + 5*a. Let t be z(3). Calculate y(t).
1
Let d(f) = f**2 - 3. Let i = -2 + 3. Let g = 2 + i. Let h = 3 - g. Calculate d(h).
-3
Let y(i) = -i. Let l(j) = 4*j + 4. Let a(n) = -2*l(n) - 6*y(n). Suppose -z - 3 - 4 = 0. Determine a(z).
6
Let o(b) be the first derivative of b**4/4 - 8*b - 3. Let x(n) = -n + 3. Let j be x(3). What is o(j)?
-8
Let y(d) = d**3 - 5*d**2 + 5*d - 1. Let j(o) = -o**3 - 10*o**2 + o + 14. Let a be j(-10). Suppose 0 + 16 = a*i. Give y(i).
3
Let x(p) = -2 - p**3 + 582*p + 2*p**2 + p**2 - 581*p. Calculate x(2).
4
Let c(l) be the third derivative of 2*l**2 + 7/60*l**5 - 1/8*l**4 + 0*l + 5/6*l**3 + 0. Let i(d) = 3*d**2 - 2*d + 2. Let y(q) = 2*c(q) - 5*i(q). What is y(2)?
4
Let k(m) = 2*m + 4. Let a(n) = 3*n + 4. Let h be -6*((-1)/2 - 0). Let r(w) = h*a(w) - 4*k(w). Calculate r(-4).
-8
Let a = -29 - -23. Let s(z) = 2*z**3 + 7*z**2 + 12*z - 11. Let c(d) = d**3 + 4*d**2 + 6*d - 5. Let u(p) = -7*c(p) + 3*s(p). Calculate u(a).
2
Let v(z) = -z**2 - 16*z + 33*z - 11*z - 4. Give v(5).
1
Let q(w) = -w**3 + 7*w**2 + 10*w - 10. Let m be q(8). Let u(t) = -t**3 + 7*t**2 - 7*t + 1. What is u(m)?
-5
Let m(p) = -4 + 1 + 0*p**3 - 6*p**2 + 4*p**3 - 3*p**3. Determine m(6).
-3
Let x(b) = b. Let p(j) = -j. Let d(l) = -2*p(l) - 4*x(l). Determine d(-5).
10
Suppose 4*g - 1 = a + 2, 1 = 3*a - 2*g. Let h be 8*a/(0 + -1). Let t be (-5)/4 + (-2)/h. Let i(j) = -2*j - 1. What is i(t)?
1
Let m(t) = t**3 - 9*t**2 + 0*t**3 + 4*t**3 - 4*t**3 - 9*t - 7. Give m(10).
3
Let z(d) be the second derivative of d**6/360 - d**5/120 + d**4/8 - d**3/6 - 4*d. Let c(n) be the second derivative of z(n). Give c(0).
3
Let f be (-2)/(0 + (-6)/(-9)). Let q(o) be the second derivative of 0 - 2/3*o**3 + 1/20*o**5 - 1/2*o**2 + 2*o + 1/12*o**4. Determine q(f).
-7
Let u(t) = -t**3 - t. Let p(q) = 6*q + 2*q**3 + 10*q**3 - 10*q**3 + q**2. Let d(o) = p(o) + 3*u(o). Calculate d(3).
-9
Let v(w) = -w - 2. Let q = -6 - -6. Suppose -5*t - r + 20 = q, 4*t - 5*r + 2*r + 3 = 0. Give v(t).
-5
Let d(z) = -3*z - 1. Let p be (2/(-7))/((-7)/49). Determine d(p).
-7
Suppose 4*o - u - 4 = 3*u, -u = 3*o - 3. Let j be -3 - (1 + -3 + -4). Let v = o + j. Let y(m) = m + 1. Calculate y(v).
5
Let u(a) = -4*a - 2 + a**3 + 3*a**2 - a**2 + 1. Let c be 4/(-30)*6*-5. Suppose -k = 3 - 1, 20 = -c*d - 4*k. Give u(d).
2
Let r(m) be the first derivative of m**4/4 + m**3 + m**2 - 2*m - 6. Determine r(-2).
-2
Let l be -3*(0 + 16/12). Let i(f) = -f**3 - 3*f**2 + 5*f + 2. Give i(l).
-2
Let u = -3 - -4. Let m(o) be the third derivative of -5*o**4/12 + o**3/6 - 7*o**2. Calculate m(u).
-9
Let n be 5/(-10)*-6 - 2/2. Let g(w) = -w**2 + 3*w + 1. Give g(n).
3
Suppose x - 7 = 1. Let v(r) = -3*r**3 - 6 + 9*r**2 - 2*r**3 - 7*r + 4*r**3. Let b be v(x). Let g(c) = -c**3 + 2*c**2 + c - 1. What is g(b)?
1
Let k be 36/15 + 2/(-5). Let p(t) be the third derivative of t**k + 0 + 4/3*t**3 + 1/24*t**4 + 0*t. Calculate p(-5).
3
Let b be ((-10)/15)/((-2)/6). Let o(n) be the third derivative of 1/6*n**3 + 0*n + b*n**2 - 1/24*n**4 + 0. Determine o(4).
-3
Let z(p) be the third derivative of 13*p**5/60 + p**4/24 + p**3/6 - 8*p**2. Give z(-1).
13
Suppose 8*d - 10*d = 6. Let t(v) = -v**3 + 4*v. Give t(d).
15
Let r(a) be the third derivative of 0*a + 0 - 1/24*a**4 + 0*a**3 - a**2. Let o(t) = -t**2 - 1. Let u be o(-2). Give r(u).
5
Let w(s) be the third derivative of -s**9/60480 + s**8/4032 - s**7/1680 - s**6/240 + s**5/60 + s**2. Let y(x) be the third derivative of w(x). Determine y(4).
1
Let q(i) be the third derivative of i**6/120 + i**5/20 - i**4/12 - i**3/2 - 2*i**2. Let s be q(-3). Let j(b) = -2*b**2 + 3*b + 3. Give j(s).
-6
Suppose 2*g + 3*d - 8 = 7*g, 0 = 3*g - 4*d - 4. Let b = g + -2. Let t(w) = w. Calculate t(b).
-6
Let z(o) = -235 + 2*o + o**2 + 236 + o. Give z(-1).
-1
Su